{"id":42,"date":"2017-11-10T13:56:13","date_gmt":"2017-11-10T11:56:13","guid":{"rendered":"http:\/\/karhulanilmailukerho.fi\/lentomuseo\/?page_id=42"},"modified":"2017-11-25T10:05:18","modified_gmt":"2017-11-25T08:05:18","slug":"utu","status":"publish","type":"page","link":"http:\/\/karhulanilmailukerho.fi\/lentomuseo\/utu\/","title":{"rendered":"Fibera KK-1e Utu (OH-LKF)"},"content":{"rendered":"<p>&nbsp;<\/p>\n<p><img decoding=\"async\" loading=\"lazy\" class=\"alignnone wp-image-248 size-full\" src=\"http:\/\/karhulanilmailukerho.fi\/lentomuseo\/wp-content\/uploads\/2017\/11\/02-3-1-KK-1b-Utu-OH-LKF-@-JL_edit.jpg\" alt=\"\" width=\"1600\" height=\"900\" srcset=\"http:\/\/karhulanilmailukerho.fi\/lentomuseo\/wp-content\/uploads\/2017\/11\/02-3-1-KK-1b-Utu-OH-LKF-@-JL_edit.jpg 1600w, http:\/\/karhulanilmailukerho.fi\/lentomuseo\/wp-content\/uploads\/2017\/11\/02-3-1-KK-1b-Utu-OH-LKF-@-JL_edit-300x169.jpg 300w, http:\/\/karhulanilmailukerho.fi\/lentomuseo\/wp-content\/uploads\/2017\/11\/02-3-1-KK-1b-Utu-OH-LKF-@-JL_edit-768x432.jpg 768w, http:\/\/karhulanilmailukerho.fi\/lentomuseo\/wp-content\/uploads\/2017\/11\/02-3-1-KK-1b-Utu-OH-LKF-@-JL_edit-1024x576.jpg 1024w, http:\/\/karhulanilmailukerho.fi\/lentomuseo\/wp-content\/uploads\/2017\/11\/02-3-1-KK-1b-Utu-OH-LKF-@-JL_edit-960x540.jpg 960w\" sizes=\"(max-width: 1600px) 100vw, 1600px\" \/><\/p>\n<p>Fibera KK-1e Utu on ensimm\u00e4inen suomalainen lasikuiturakenteinen purjelentokone. Prototyyppi lensi ensimm\u00e4isen kerran elokuussa 1964. Tyyppi oli tuolloin puukoneiden aikaan rakenneratkaisuiltaan varsin edistyksellinen. Uutuus toi mukanaan my\u00f6s rakeneteellisia ongelmia, joita on koneessa hyvin n\u00e4ht\u00e4viss\u00e4. Konetta rakennettiin F\u00edberan tehtailla Loviisassa ja Jokelassa kaikkiaan noin 50 konetta.<\/p>\n<p>Karhulan Ilmailukerholla oli kaksi Utua. Museon OH-LKF (OH-347) oli kerhon k\u00e4yt\u00f6ss\u00e4 syksyst\u00e4 1968 kev\u00e4\u00e4seen 1971. Kone lensi Kymiss\u00e4 kaikkiaan 330 tuntia ja 231 lentoa.<br \/>\nTeknisi\u00e4 tietoja: K\u00e4rkiv\u00e4li 15,00 m, pituus 6,50 m, tyhj\u00e4paino 210 kg, lentopaino 310 kg, max. nopeus 230 km\/h. Liitosuhde 1:35.<\/p>\n","protected":false},"excerpt":{"rendered":"<p>&nbsp; Fibera KK-1e Utu on ensimm\u00e4inen suomalainen lasikuiturakenteinen purjelentokone. Prototyyppi lensi ensimm\u00e4isen kerran elokuussa 1964. Tyyppi oli tuolloin puukoneiden aikaan rakenneratkaisuiltaan varsin edistyksellinen. Uutuus toi mukanaan my\u00f6s rakeneteellisia ongelmia, joita on koneessa hyvin n\u00e4ht\u00e4viss\u00e4. Konetta rakennettiin F\u00edberan tehtailla Loviisassa ja Jokelassa kaikkiaan noin 50 konetta. Karhulan Ilmailukerholla oli kaksi Utua. Museon OH-LKF (OH-347) oli kerhon <a href=\"http:\/\/karhulanilmailukerho.fi\/lentomuseo\/utu\/\" class=\"more-link\">...jatka lukemista<span class=\"screen-reader-text\"> \"Fibera KK-1e Utu (OH-LKF)\"<\/span><\/a><\/p>\n","protected":false},"author":1,"featured_media":0,"parent":0,"menu_order":0,"comment_status":"closed","ping_status":"closed","template":"","meta":{"om_disable_all_campaigns":false,"_exactmetrics_skip_tracking":false,"_exactmetrics_sitenote_active":false,"_exactmetrics_sitenote_note":"","_exactmetrics_sitenote_category":0},"aioseo_notices":[],"_links":{"self":[{"href":"http:\/\/karhulanilmailukerho.fi\/lentomuseo\/wp-json\/wp\/v2\/pages\/42"}],"collection":[{"href":"http:\/\/karhulanilmailukerho.fi\/lentomuseo\/wp-json\/wp\/v2\/pages"}],"about":[{"href":"http:\/\/karhulanilmailukerho.fi\/lentomuseo\/wp-json\/wp\/v2\/types\/page"}],"author":[{"embeddable":true,"href":"http:\/\/karhulanilmailukerho.fi\/lentomuseo\/wp-json\/wp\/v2\/users\/1"}],"replies":[{"embeddable":true,"href":"http:\/\/karhulanilmailukerho.fi\/lentomuseo\/wp-json\/wp\/v2\/comments?post=42"}],"version-history":[{"count":5,"href":"http:\/\/karhulanilmailukerho.fi\/lentomuseo\/wp-json\/wp\/v2\/pages\/42\/revisions"}],"predecessor-version":[{"id":358,"href":"http:\/\/karhulanilmailukerho.fi\/lentomuseo\/wp-json\/wp\/v2\/pages\/42\/revisions\/358"}],"wp:attachment":[{"href":"http:\/\/karhulanilmailukerho.fi\/lentomuseo\/wp-json\/wp\/v2\/media?parent=42"}],"curies":[{"name":"wp","href":"https:\/\/api.w.org\/{rel}","templated":true}]}}