{"id":155,"date":"2017-11-16T18:38:24","date_gmt":"2017-11-16T16:38:24","guid":{"rendered":"http:\/\/karhulanilmailukerho.fi\/lentomuseo\/?page_id=155"},"modified":"2017-11-23T16:55:11","modified_gmt":"2017-11-23T14:55:11","slug":"pik-5c","status":"publish","type":"page","link":"https:\/\/karhulanilmailukerho.fi\/lentomuseo\/pik-5c\/","title":{"rendered":"PIK-5c Cumulus (OH-151)"},"content":{"rendered":"<p><img decoding=\"async\" loading=\"lazy\" class=\"alignnone size-full wp-image-250\" src=\"http:\/\/karhulanilmailukerho.fi\/lentomuseo\/wp-content\/uploads\/2017\/11\/02-1-PIK-5c-OH-151-@-JL_edit.jpg\" alt=\"\" width=\"1600\" height=\"827\" srcset=\"https:\/\/karhulanilmailukerho.fi\/lentomuseo\/wp-content\/uploads\/2017\/11\/02-1-PIK-5c-OH-151-@-JL_edit.jpg 1600w, https:\/\/karhulanilmailukerho.fi\/lentomuseo\/wp-content\/uploads\/2017\/11\/02-1-PIK-5c-OH-151-@-JL_edit-300x155.jpg 300w, https:\/\/karhulanilmailukerho.fi\/lentomuseo\/wp-content\/uploads\/2017\/11\/02-1-PIK-5c-OH-151-@-JL_edit-768x397.jpg 768w, https:\/\/karhulanilmailukerho.fi\/lentomuseo\/wp-content\/uploads\/2017\/11\/02-1-PIK-5c-OH-151-@-JL_edit-1024x529.jpg 1024w, https:\/\/karhulanilmailukerho.fi\/lentomuseo\/wp-content\/uploads\/2017\/11\/02-1-PIK-5c-OH-151-@-JL_edit-960x496.jpg 960w\" sizes=\"(max-width: 1600px) 100vw, 1600px\" \/><\/p>\n<p><strong>PIK-5c<\/strong> on suomalaisvalmisteinen harjoituspurjekone. Se on Keijo Tiusasen kehittelem\u00e4 parannettu versio PIK-5 malleista. PIK-5 prototyyppi lensi ensimm\u00e4isen kerran syyskuussa 1946. PIK-5 oli yleisin purjekonetyyppi Suomessa 1950- luvulla. Niit\u00e4 rakennettiin 34 konetta.<\/p>\n<p>Karhulan Ilmailukerholla oli vuosina 1962-1965 k\u00e4yt\u00f6ss\u00e4 kerhossa rakennettu PIK-5b 0H-PBC. N\u00e4ytteill\u00e4 oleva PIK-5c OH-151 on alkujaan Inkeroisten Ilmailukerhon rakentama PIK-5b OH-PAP. Alkuper\u00e4isest\u00e4 koneesta on kuitenkin mukana vain muutamia metalliosia. Kone on t\u00e4ysin lentokelpoinen. Peruskorjattu kone lensi ensi kerran 21.10.2000<\/p>\n<p><strong>Teknisi\u00e4 tietoja:<\/strong> K\u00e4rkiv\u00e4li 12,4 m, pituus 6,4 m, tyhj\u00e4paino 124 kg, suurin lentopaino 210 kg, suurin sallittu lentonopeus 150 km\/h. Liitoluku 1:18.<\/p>\n","protected":false},"excerpt":{"rendered":"<p>PIK-5c on suomalaisvalmisteinen harjoituspurjekone. Se on Keijo Tiusasen kehittelem\u00e4 parannettu versio PIK-5 malleista. PIK-5 prototyyppi lensi ensimm\u00e4isen kerran syyskuussa 1946. PIK-5 oli yleisin purjekonetyyppi Suomessa 1950- luvulla. Niit\u00e4 rakennettiin 34 konetta. Karhulan Ilmailukerholla oli vuosina 1962-1965 k\u00e4yt\u00f6ss\u00e4 kerhossa rakennettu PIK-5b 0H-PBC. N\u00e4ytteill\u00e4 oleva PIK-5c OH-151 on alkujaan Inkeroisten Ilmailukerhon rakentama PIK-5b OH-PAP. Alkuper\u00e4isest\u00e4 koneesta on <a href=\"https:\/\/karhulanilmailukerho.fi\/lentomuseo\/pik-5c\/\" class=\"more-link\">...jatka lukemista<span class=\"screen-reader-text\"> \"PIK-5c Cumulus (OH-151)\"<\/span><\/a><\/p>\n","protected":false},"author":1,"featured_media":0,"parent":0,"menu_order":0,"comment_status":"closed","ping_status":"closed","template":"","meta":{"om_disable_all_campaigns":false,"_exactmetrics_skip_tracking":false,"_exactmetrics_sitenote_active":false,"_exactmetrics_sitenote_note":"","_exactmetrics_sitenote_category":0},"aioseo_notices":[],"_links":{"self":[{"href":"https:\/\/karhulanilmailukerho.fi\/lentomuseo\/wp-json\/wp\/v2\/pages\/155"}],"collection":[{"href":"https:\/\/karhulanilmailukerho.fi\/lentomuseo\/wp-json\/wp\/v2\/pages"}],"about":[{"href":"https:\/\/karhulanilmailukerho.fi\/lentomuseo\/wp-json\/wp\/v2\/types\/page"}],"author":[{"embeddable":true,"href":"https:\/\/karhulanilmailukerho.fi\/lentomuseo\/wp-json\/wp\/v2\/users\/1"}],"replies":[{"embeddable":true,"href":"https:\/\/karhulanilmailukerho.fi\/lentomuseo\/wp-json\/wp\/v2\/comments?post=155"}],"version-history":[{"count":6,"href":"https:\/\/karhulanilmailukerho.fi\/lentomuseo\/wp-json\/wp\/v2\/pages\/155\/revisions"}],"predecessor-version":[{"id":253,"href":"https:\/\/karhulanilmailukerho.fi\/lentomuseo\/wp-json\/wp\/v2\/pages\/155\/revisions\/253"}],"wp:attachment":[{"href":"https:\/\/karhulanilmailukerho.fi\/lentomuseo\/wp-json\/wp\/v2\/media?parent=155"}],"curies":[{"name":"wp","href":"https:\/\/api.w.org\/{rel}","templated":true}]}}