{"id":227,"date":"2017-11-21T21:36:27","date_gmt":"2017-11-21T19:36:27","guid":{"rendered":"http:\/\/karhulanilmailukerho.fi\/lentomuseo\/?page_id=227"},"modified":"2017-11-21T21:37:04","modified_gmt":"2017-11-21T19:37:04","slug":"draken","status":"publish","type":"page","link":"https:\/\/karhulanilmailukerho.fi\/lentomuseo\/draken\/","title":{"rendered":"Saab 35FS Draken (DK-259)"},"content":{"rendered":"<p><img decoding=\"async\" loading=\"lazy\" class=\"alignnone size-full wp-image-228\" src=\"http:\/\/karhulanilmailukerho.fi\/lentomuseo\/wp-content\/uploads\/2017\/11\/draken.jpg\" alt=\"\" width=\"591\" height=\"294\" srcset=\"https:\/\/karhulanilmailukerho.fi\/lentomuseo\/wp-content\/uploads\/2017\/11\/draken.jpg 591w, https:\/\/karhulanilmailukerho.fi\/lentomuseo\/wp-content\/uploads\/2017\/11\/draken-300x149.jpg 300w\" sizes=\"(max-width: 591px) 100vw, 591px\" \/><\/p>\n<p><strong>Saab 35FS Draken<\/strong> on alkuper\u00e4lt\u00e4\u00e4n ruotsalainen ylisooninen suihkuh\u00e4vitt\u00e4j\u00e4. Sen prototyyppi lensi ensi kerran 1955. Suomen Ilmavoimat hankki vuosina 1972 1986 yhteens\u00e4 47 konetta, joista Ruotsista k\u00e4ytettyin\u00e4 hankittuja 35FS-versiota oli 24. Muita versioita olivat 35BS (6), 35CS (5) ja 35S (12, uusia). Draken oli Ilmavoimien ensimm\u00e4inen tutkalla ja tutkaohjuksilla varustettu h\u00e4vitt\u00e4j\u00e4.<\/p>\n<p>Museon Saab 35FS DK-259 (35499) saatiin Ilmavoimilta s\u00e4ilytykseen toukokuussa 1997. Se lensi ensi kerran helmikuussa 1967 ja palveli Ruotsin ilmavoimissa. Kone lennettiin Suomeen marraskuussa 1985. Se palveli H\u00e4vitt\u00e4j\u00e4lentolaivue 21:ss\u00e4 Pirkkalassa, miss\u00e4 se lensi viimeisen lentonsa tammikuussa 1997. Lentotunteja kertyi 2715.<\/p>\n<p><strong>Teknisi\u00e4 tietoja:<\/strong> K\u00e4rkiv\u00e4li 9,42m, pituus 15,34 m, tyhj\u00e4paino 8 250 kg, lentopaino 12 270 kg. Suurin nopeus vaakalennossa korkealla 1800 km\/h (mach 1,7) ja matalalla 1300 km\/h. Moottori Volvo RM 6C (Rolls-Royce Avon 300) ty\u00f6nt\u00f6voima j\u00e4lkipoltolla 8 000 kp.<\/p>\n","protected":false},"excerpt":{"rendered":"<p>Saab 35FS Draken on alkuper\u00e4lt\u00e4\u00e4n ruotsalainen ylisooninen suihkuh\u00e4vitt\u00e4j\u00e4. Sen prototyyppi lensi ensi kerran 1955. Suomen Ilmavoimat hankki vuosina 1972 1986 yhteens\u00e4 47 konetta, joista Ruotsista k\u00e4ytettyin\u00e4 hankittuja 35FS-versiota oli 24. Muita versioita olivat 35BS (6), 35CS (5) ja 35S (12, uusia). Draken oli Ilmavoimien ensimm\u00e4inen tutkalla ja tutkaohjuksilla varustettu h\u00e4vitt\u00e4j\u00e4. Museon Saab 35FS DK-259 (35499) <a href=\"https:\/\/karhulanilmailukerho.fi\/lentomuseo\/draken\/\" class=\"more-link\">...jatka lukemista<span class=\"screen-reader-text\"> \"Saab 35FS Draken (DK-259)\"<\/span><\/a><\/p>\n","protected":false},"author":2,"featured_media":0,"parent":0,"menu_order":0,"comment_status":"closed","ping_status":"closed","template":"","meta":{"om_disable_all_campaigns":false,"_exactmetrics_skip_tracking":false,"_exactmetrics_sitenote_active":false,"_exactmetrics_sitenote_note":"","_exactmetrics_sitenote_category":0},"aioseo_notices":[],"_links":{"self":[{"href":"https:\/\/karhulanilmailukerho.fi\/lentomuseo\/wp-json\/wp\/v2\/pages\/227"}],"collection":[{"href":"https:\/\/karhulanilmailukerho.fi\/lentomuseo\/wp-json\/wp\/v2\/pages"}],"about":[{"href":"https:\/\/karhulanilmailukerho.fi\/lentomuseo\/wp-json\/wp\/v2\/types\/page"}],"author":[{"embeddable":true,"href":"https:\/\/karhulanilmailukerho.fi\/lentomuseo\/wp-json\/wp\/v2\/users\/2"}],"replies":[{"embeddable":true,"href":"https:\/\/karhulanilmailukerho.fi\/lentomuseo\/wp-json\/wp\/v2\/comments?post=227"}],"version-history":[{"count":1,"href":"https:\/\/karhulanilmailukerho.fi\/lentomuseo\/wp-json\/wp\/v2\/pages\/227\/revisions"}],"predecessor-version":[{"id":229,"href":"https:\/\/karhulanilmailukerho.fi\/lentomuseo\/wp-json\/wp\/v2\/pages\/227\/revisions\/229"}],"wp:attachment":[{"href":"https:\/\/karhulanilmailukerho.fi\/lentomuseo\/wp-json\/wp\/v2\/media?parent=227"}],"curies":[{"name":"wp","href":"https:\/\/api.w.org\/{rel}","templated":true}]}}